{"id":6661,"date":"2023-11-17T12:00:28","date_gmt":"2023-11-17T11:00:28","guid":{"rendered":"https:\/\/gestionfin.com\/subastas\/?post_type=product&#038;p=6661"},"modified":"2024-07-02T19:57:31","modified_gmt":"2024-07-02T17:57:31","slug":"tractor-agricola-75130-ac","status":"publish","type":"product","link":"https:\/\/gestionfin.com\/subastas\/product\/tractor-agricola-75130-ac\/","title":{"rendered":"TRACTOR AGRICOLA T5,130 AC"},"content":{"rendered":"<p>MARCA\/MODELO:\u00a0 TRACTOR AGR\u00cdCOLA\u00a0 T5,130 AC<br \/>\nMATRICULA:\u00a0 E-0458-BHL<br \/>\nFECHA:\u00a0 2021<br \/>\nESTADO:\u00a0 REGULAR<br \/>\nHORAS DE TRABAJO:\u00a0 2750<br \/>\nFALTANTES DE \u00daTILES: ALZAMIENTO DERECHO Y RETROVISOR<br \/>\nDA\u00d1OS:\u00a0 MECANISMO DEL ASIENTO ROTO, TAPICER\u00cdA MUY DA\u00d1ADA, INSTALACI\u00d3N EL\u00c9CTRICA DA\u00d1ADA Y CONTORNO DEL VEHICULO.<\/p>\n","protected":false},"excerpt":{"rendered":"<p>MARCA\/MODELO:\u00a0 TRACTOR AGR\u00cdCOLA\u00a0 T5,130 AC MATRICULA:\u00a0 E-0458-BHL FECHA:\u00a0 2021 ESTADO:\u00a0 REGULAR HORAS DE TRABAJO:\u00a0 2750 FALTANTES DE \u00daTILES: ALZAMIENTO DERECHO Y RETROVISOR DA\u00d1OS:\u00a0 MECANISMO DEL ASIENTO ROTO, TAPICER\u00cdA MUY DA\u00d1ADA, INSTALACI\u00d3N EL\u00c9CTRICA DA\u00d1ADA Y CONTORNO DEL VEHICULO.<\/p>\n","protected":false},"featured_media":6665,"comment_status":"open","ping_status":"closed","template":"","meta":[],"product_cat":[15,275],"product_tag":[],"class_list":["post-6661","product","type-product","status-publish","has-post-thumbnail","hentry","product_cat-varios","product_cat-pendiente-no-a-la-venta"],"_links":{"self":[{"href":"https:\/\/gestionfin.com\/subastas\/wp-json\/wp\/v2\/product\/6661","targetHints":{"allow":["GET"]}}],"collection":[{"href":"https:\/\/gestionfin.com\/subastas\/wp-json\/wp\/v2\/product"}],"about":[{"href":"https:\/\/gestionfin.com\/subastas\/wp-json\/wp\/v2\/types\/product"}],"replies":[{"embeddable":true,"href":"https:\/\/gestionfin.com\/subastas\/wp-json\/wp\/v2\/comments?post=6661"}],"wp:featuredmedia":[{"embeddable":true,"href":"https:\/\/gestionfin.com\/subastas\/wp-json\/wp\/v2\/media\/6665"}],"wp:attachment":[{"href":"https:\/\/gestionfin.com\/subastas\/wp-json\/wp\/v2\/media?parent=6661"}],"wp:term":[{"taxonomy":"product_cat","embeddable":true,"href":"https:\/\/gestionfin.com\/subastas\/wp-json\/wp\/v2\/product_cat?post=6661"},{"taxonomy":"product_tag","embeddable":true,"href":"https:\/\/gestionfin.com\/subastas\/wp-json\/wp\/v2\/product_tag?post=6661"}],"curies":[{"name":"wp","href":"https:\/\/api.w.org\/{rel}","templated":true}]}}